etermine n(-5).
2
Let m(o) = o**3 + 14*o**2 - 32*o + 3. Calculate m(-16).
3
Let f(u) = u**2 - 3*u - 9. What is f(5)?
1
Let x(b) = b**3 + 5*b**2 - 7. What is x(-6)?
-43
Let g(x) = -2*x**3 - 38*x**2 - x - 19. Determine g(-19).
0
Let s(q) = -18*q + 719. What is s(40)?
-1
Let l(g) = g**2 - 13*g - 2. Calculate l(7).
-44
Let o(m) = m**3 + 3*m**2 - 12*m - 17. Determine o(-5).
-7
Let p(b) = b**3 + 12. Give p(5).
137
Let p(g) = -5*g + 15. What is p(4)?
-5
Let h(f) = 2*f**3 - 8*f**2 + 2*f - 37. Determine h(5).
23
Let j(p) = p**2 + 16*p - 17. Calculate j(1).
0
Let j(v) = 78*v - 82. Calculate j(1).
-4
Let x(k) = 59*k - 472. What is x(8)?
0
Let l(d) = -d**2 + 16*d - 4. Give l(14).
24
Let v(w) = 6*w - 46. Give v(8).
2
Let w(h) = h**2 - 9*h - 163. Determine w(-9).
-1
Let g(k) = -k**2 + 20*k + 29. Calculate g(21).
8
Let v(f) = f**3 + f**2 - f + 25. Determine v(0).
25
Let c(w) = 6*w - 262. Calculate c(42).
-10
Let r(y) = 2*y**3 - 6*y**2 - 8*y - 10. What is r(4)?
-10
Let v(u) = -u**2 - 11*u + 16. What is v(-11)?
16
Let p(r) = -23*r + 46. Calculate p(2).
0
Let n(k) = -6*k + 108. Give n(18).
0
Let g(s) = 13*s - 114. What is g(7)?
-23
Let w(x) = -6*x + 8. Determine w(-1).
14
Let w(c) = 3*c**2 - 11*c + 4. What is w(2)?
-6
Let l(y) = 2*y + 15. Calculate l(-7).
1
Let z(u) = -u**2 + 61*u + 88. Calculate z(62).
26
Let u(h) = -2*h**2 + 7*h + 1. Determine u(5).
-14
Let y(n) = -6*n + 86. Determine y(14).
2
Let y(l) = -l**2 - 4*l - 8. Determine y(5).
-53
Let u(q) = q**3 + 3*q**2 + q - 3. Calculate u(-3).
-6
Let u(h) = h**2 - 9*h + 10. What is u(7)?
-4
Let k(f) = -16*f - 18. What is k(3)?
-66
Let b(r) = 38*r**3 + 3*r**2 + 3*r + 1. Determine b(-1).
-37
Let y(g) = -2*g**2 - 11*g - 22. Determine y(-3).
-7
Let s(m) = m**3 + 22*m**2 + 20*m - 17. Determine s(-21).
4
Let y(c) = c**2 - c - 48. Calculate y(0).
-48
Let w(k) = -13*k - 2. Calculate w(3).
-41
Let l(k) = k**3 - 2*k**2 + 2*k - 2. What is l(0)?
-2
Let j(w) = -3*w - 2. What is j(-4)?
10
Let p(s) = 6*s**2 + 14*s + 22. Calculate p(-2).
18
Let a(o) = -40*o - 124. Calculate a(-4).
36
Let k(l) = l**2 + 4*l - 3. Give k(-10).
57
Let c(n) = n**3 + 8*n**2 + 5*n + 5. Give c(-7).
19
Let c(x) = x**3 - 10*x**2 + 16*x - 4. Calculate c(8).
-4
Let p(k) = -26*k - 103. Determine p(-4).
1
Let c(d) = -4*d + 7. What is c(5)?
-13
Let u(i) = 3*i - 9. Give u(-7).
-30
Let m(l) = l - 16. Give m(13).
-3
Let v(n) = n**2 - 5*n - 3. What is v(2)?
-9
Let u(s) = -s**3 + 14*s**2 + 18*s - 22. Give u(15).
23
Let y(s) = s**3 + 14*s**2 + 13*s + 20. Calculate y(-13).
20
Let h(r) = -r**2 - 8*r + 6. Give h(-8).
6
Let t(m) = 4*m - 20. Give t(11).
24
Let q(z) = -z**2 + 7*z - 22. Give q(10).
-52
Let m(s) = -s**3 + 8*s**2 - 11*s - 8. Give m(6).
-2
Let r(i) = -297*i + 1785. Determine r(6).
3
Let g(a) = -2*a**2 - 12*a - 12. Determine g(-6).
-12
Let r(c) = 18*c. Determine r(1).
18
Let a(l) = l**2 - 23*l + 120. Calculate a(10).
-10
Let z(g) = -15*g + 42. Give z(11).
-123
Let w(v) = -3*v - 9. Calculate w(-10).
21
Let b(u) = -u**3 - 13*u**2 - 17*u - 22. Determine b(-10).
-152
Let y(r) = -r**3 + 2*r**2 + 4*r - 14. Calculate y(2).
-6
Let g(k) = -31*k - 245. Give g(-8).
3
Let h(u) = 5*u + 23. Determine h(-7).
-12
Let u(m) = 19*m**2 - 381*m + 11. Calculate u(20).
-9
Let g(n) = 9*n**3 - 3*n**2 + 2. Determine g(2).
62
Let d(g) = 5*g - 19. Determine d(7).
16
Let v(b) = b**3 + 6*b**2 + 5*b + 1. Determine v(-5).
1
Let x(v) = 3*v**2 - 11*v. What is x(4)?
4
Let v(h) = h**3 + 31*h**2 + 30*h + 16. Give v(-30).
16
Let i(s) = 2*s + 30. What is i(-14)?
2
Let z(k) = -k**3 - 14*k**2 + 4. Determine z(-14).
4
Let s(k) = k**2 - 3*k - 31. Give s(7).
-3
Let t(i) = -i**3 - 5*i**2 + 2*i - 7. What is t(-6)?
17
Let a(z) = -z**3 + 5*z**2 - 4*z + 8. Calculate a(4).
8
Let v(p) = 6*p + 39. Give v(-7).
-3
Let x(u) = -u**2 - 8*u - 1. Determine x(-10).
-21
Let o(c) = c**2 - 13*c - 7. What is o(14)?
7
Let d(c) = -c**2 - 33*c - 52. What is d(-33)?
-52
Let r(n) = -n**3 - 8*n**2 - 5*n - 6. Give r(-7).
-20
Let i(k) = k**3 + 15*k**2 + 16*k + 23. Calculate i(-14).
-5
Let w(p) = 42*p + 3. What is w(2)?
87
Let h(n) = 2*n - 30. Calculate h(-6).
-42
Let f(q) = q**3 + 7*q**2 - 15*q + 33. Determine f(-9).
6
Let r(i) = 3*i - 19. What is r(7)?
2
Let m(c) = 2*c**3 - 54*c**2 - 6*c + 167. Calculate m(27).
5
Let z(q) = -8*q + 141. Give z(18).
-3
Let u(p) = -p**2 + 2*p + 7. Give u(5).
-8
Let k(s) = -10*s**3 + s**2 - 2*s + 2. What is k(1)?
-9
Let g(x) = -x**3 - 7*x**2 + 21*x + 18. Determine g(-9).
-9
Let h(u) = u**2 - 33*u - 230. Calculate h(-6).
4
Let k(g) = 3*g - 11. What is k(4)?
1
Let w(t) = 6*t**2 - 6*t + 7. Determine w(3).
43
Let m(c) = -c**3 + 11*c**2 - 12*c - 6. Give m(10).
-26
Let h(j) = -11*j**2 + j + 1. Give h(-1).
-11
Let o(w) = 3*w**3 - 3*w**2 - 4*w - 2. Determine o(-2).
-30
Let i(v) = -v**3 - 5*v**2 + 4*v + 26. What is i(-6)?
38
Let l(k) = -k**2 - 9*k - 20. Give l(-8).
-12
Let s(x) = -3*x**2 - 2*x + 1. Give s(1).
-4
Let q(r) = 7*r**2 + r + 2. Give q(-1).
8
Let w(d) = -d**3 + 5*d**2 + 31*d - 11. Calculate w(9).
-56
Let l(v) = -v**2 + v - 8. Give l(6).
-38
Let o(v) = -3*v - 3. Determine o(7).
-24
Let h(y) = y**3 - 6*y**2 - 7*y - 10. What is h(6)?
-52
Let c(j) = -j**2 + 12*j - 11. Give c(7).
24
Let q(z) = -z**3 - z**2 - 6*z + 5. Give q(2).
-19
Let c(o) = -o - 13. What is c(-14)?
1
Let o(p) = p**2 - 8*p + 7. Give o(5).
-8
Let o(a) = -a**2 - 7*a + 11. What is o(-5)?
21
Let h(u) = u**3 - 11*u**2 + 9*u - 10. What is h(7)?
-143
Let j(m) = -m**3 + 9*m**2 + 3*m - 9. Determine j(9).
18
Let a(u) = -u**2 - 4*u - 5. What is a(-2)?
-1
Let t(l) = 9*l**2 - l. Calculate t(1).
8
Let a(z) = -z**2 - 4*z + 6. Calculate a(-6).
-6
Let t(l) = l**3 - 5*l**2 + 6. What is t(3)?
-12
Let c(i) = 3*i**2 + 33*i - 15. What is c(-12)?
21
Let d(m) = 3*m**3 - 5*m**2 + 2*m + 1. Determine d(3).
43
Let v(n) = -n**2 + 7*n - 1. Calculate v(6).
5
Let a(c) = 3*c**2 - 5. Calculate a(-3).
22
Let f(g) = -7*g**3 + 134*g**2 - 19*g - 4. Determine f(19).
-4
Let t(f) = -f**2 - 20*f + 52. Determine t(-22).
8
Let i(f) = f**2 + f - 52. Calculate i(7).
4
Let v(i) = -i**2 + 22*i - 18. Calculate v(18).
54
Let s(y) = -y - 30. Give s(-51).
21
Let t(s) = s**2 + 3*s + 4. What is t(-7)?
32
Let c(w) = -w**2 + 9*w + 24. Determine c(12).
-12
Let r(g) = g + 14. Determine r(-10).
4
Let w(n) = 15*n**2 - 2*n + 1. What is w(1)?
14
Let t(r) = -6*r + 27. What is t(5)?
-3
Let x(z) = -z**3 - 4*z**2 - z + 1. What is x(-3)?
-5
Let o(g) = -2*g**2 + 21*g + 15. What is o(12)?
-21
Let r(v) = -11*v - 83. Determine r(-8).
5
Let v(z) = z**3 + 11*z**2 + 5*z + 1. Calculate v(-4).
93
Let a(r) = -r**3 + 17*r**2 + 19*r - 4. What is a(18)?
14
Let h(m) = -m**3 + 4*m**2 + 4*m + 49. Determine h(6).
1
Let m(h) = h**2 - 13*h - 2. What is m(13)?
-2
Let d(m) = -m + 12. Determine d(9).
3
Let a(n) = 25*n - 5. What is a(-2)?
-55
Let q(m) = -m - 10. Calculate q(-8).
-2
Let s(x) = -x**3 + 8*x**2 - 7*x + 6. Give s(7).
6
Let s(p) = -5*p - 19. Give s(-5).
6
Let r(d) = -13*d - 4. Give r(6).
-82
Let z(q) = -q**2 + 34*q - 89. Determine z(31).
4
Let g(d) = 42*d + 13. Give g(-1).
-29
Let o(i) = i**3 + 8*i**2 + 9*i - 2. What is o(-6)?
16
Let o(w) = w**2 - 3*w + 3. What is o(4)?
7
Let x(r) = -r**3 - 4*r**2 + 5*r + 3. Calculate x(-4).
-17
Let t(z) = z + 10. Give t(-10).
0
Let w(m) = -m**2 - 110. What is w(0)?
-110
Let y(n) = -n**3 + 3*n**2 + 9*n - 3. Calculate y(6).
-57
Let l(j) = j**3 - 19*j**2 + 2*j - 26. What is l(19)?
12
Let b(n) = -n**2 + 12*n - 10. What is b(10)?
10
Let v(l) = -l**2 + 10*l + 3. Calculate v(11).
-8
Let w(o) = 2*o**2 + 33*o + 7. Determine w(-16).
-9
Let f(x) = -3*x**2 - 10*x - 2. What is f(-7)?
-79
Let d(l) = 3*l**2 - l + 3. Give d(-4).
55
Let a(b) = -44*b**2 - 8*b + 8. Give a(1).
-44
Let t(s) = s - 9. What is t(10)?
1
Let l(x) = 35*x + 862. Calculate l(-25).
-13
Let l(i) = i**3 + 16*i**2 + 17*i + 24. Give l(-15).
-6
Let s(j) = -j + 18. Determine s(16).
2
Let x(t) = 2*t**3 - 22*t**2 + 26*t - 23. Give x(10).
37
Let u(a) = 4*a - 49. Determine u(11).
-5
Let d(q) = -2*q**2 - 12*q - 26. Calculate d(-11).
-136
Let x(b) = 15*b + 12. What is x(-5)?
-63
Let w(n) = -20*n + 105. What is w(6)?
-15
Let r(x) = 5*x + 79. Give r(-15).
4
Let b(q) = q**3 - 7*q**2 + 5*q - 9. What is b(7)?
26
Let s(v) = v**2 - 2*v - 36. What is s(0)?
-36
Let m(n) = n**3 + 7*n**2 + 4*n + 1. Give m(-6).
13
Let j(f) = -f**3 + 5*f**2 + f 